t v be l(7). Calculate b(v).
-1
Let r be (31620/323)/(-20) - 4/38. Let g(v) = -4*v**2 - 15*v + 3. Calculate g(r).
-22
Let d(o) = o + 2. Let z be d(6). Let t(m) = 2*m**3 - m**3 - 6*m + 5*m - z + 6*m**2. Let i = -37273 + 37267. Calculate t(i).
-2
Let v be (5 - 11) + 39/(-1). Let x be (-8)/6 + (660/v - -12). Let k(i) be the first derivative of 3*i**2/2 + 6*i - 1. Determine k(x).
-6
Let k(b) be the second derivative of -b**5/20 - 11*b**4/12 - 11*b**3/6 + 2*b**2 - 3*b + 7365. Let w be -6*((-2)/(-3) + 1). Determine k(w).
14
Let m be (-44)/6*(21/2)/7. Let s(u) = -2*u**3 - 21*u**2 + 10*u - 11. Let p be s(m). Let w(t) = 3*t + 7 + t**2 + p*t + 3*t. Determine w(-7).
14
Let t(v) = 17*v - 289. Let z be 4/10 + 0 - (12654/285 - 61). Calculate t(z).
0
Suppose -2*a - 3*n + 94 = 0, -2*n = a - 18 - 30. Let l(o) = 3*o - 57 + a - 5*o. Let s be l(-3). Let j(y) = y**3 + 8*y**2 + 8*y + 6. Give j(s).
-1
Suppose 8*t = 12*t - 28. Suppose -5*f + t = -d - 11, -5*f + 14 = -3*d. Suppose 8 = -d*l + 14. Let n(x) = -x**3 + 4*x**2 - 2*x - 1. Calculate n(l).
2
Let l be 896/160 - (-4)/10. Let x(p) = 626 + 4*p + l*p - 624. Calculate x(1).
12
Let k be (-2*1/2)/((-175)/21 + 8). Let a(t) be the second derivative of 17*t - 1/3*t**4 + 1/2*t**k - 1/2*t**2 - 1/20*t**5 + 0. What is a(-5)?
9
Let c be (-1)/((-10)/(-9 - 11)). Let w(s) = 4*s**3 + 2*s**2 + 3*s + 9. Determine w(c).
-21
Let r = 146 - 128. Let h(x) = r - 31 + 3*x - x**2 + 11. Calculate h(4).
-6
Suppose 4*m - 28 = 0, 5*k - m + 43 = 36. Let l(d) be the third derivative of 0 - 1/12*d**4 + 2/15*d**5 + 1/6*d**3 + k*d - 2*d**2. Give l(1).
7
Let o(b) = b**3 + 10*b**2 + 8*b - 5. Let g be o(-9). Suppose -5*r = -2*c + 17 + 3, -4*r + g*c - 16 = 0. Let h be ((-2)/r*-6)/1. Let t(y) = 2*y. What is t(h)?
-6
Let w(h) = 65*h + 19. Let l(k) = 67*k + 18. Let i(o) = -3*l(o) + 2*w(o). Let m(s) = -14*s - 3. Let d(u) = -2*i(u) + 11*m(u). Calculate d(-1).
11
Suppose 115*k - 117*k - 4*w - 14 = 0, -w = k + 5. Let d(p) = 10*p + 18. Calculate d(k).
-12
Let i = 86 - 79. Let l(d) = -18 + 3*d**2 - d - 12 + i*d + 28. Give l(-3).
7
Let j(k) = 20*k**2 + 103*k + 24. Let f(s) = -101*s**2 - 496*s - 118. Let x(n) = -6*f(n) - 29*j(n). What is x(1)?
27
Let y(w) = -2*w**2. Let b = -25 - 47. Let x be (-92)/(-48) + (-6)/b. Calculate y(x).
-8
Let l(j) = 5*j - 4. Let b be 2 + 24 + 2 + (-7 - -4). Suppose -24*h - 3 = -b*h. Determine l(h).
11
Let b = -21 - -19. Let p(l) = -3*l**3 - 7*l**2 + 3*l + 3. Let c(g) = g**3 - 5*g**2 + g + 1. Let m(i) = -c(i) + p(i). Determine m(b).
22
Let u(a) = a**2 - 6*a + 7. Suppose 2*k + 2*k - 2*w - 32 = 0, 4*k - 30 = 3*w. Suppose 0 = -k*m - 24 + 69. Determine u(m).
2
Suppose 5*v - 182 = 3*s - 79, 0 = s + 1. Let l(p) = p**3 - 19*p**2 - 12*p - 24. Determine l(v).
136
Let q = -14844 + 14860. Let u(n) = -9*n + 38. Determine u(q).
-106
Let y(t) = -3*t**2 - 142*t + 101. Suppose 2*b = -3*j - 96, 3*b - j = -64 - 80. Give y(b).
5
Let h(g) = g**2 - 1. Suppose 5*p - 4 + 3 = -4*x, -2*p = -5*x + 26. Suppose 0 = l - 5*r + 5 - 42, -3*l - 11*r - 71 = 0. Suppose l*j = x*j. Calculate h(j).
-1
Let r(h) = 2*h**3 + 17*h**2 - 8*h + 12. Suppose 2*l - 344*a + 346*a = -24, -a = 2*l + 21. Give r(l).
3
Let s(v) = 4*v + 12 + v - 4*v. Suppose 12*z - 2072 = 2344. Let g = 368 - z. What is s(g)?
12
Let a(n) = n**2 + 5*n + 3. Suppose 0 = -5*k + 10, -4*t + 5*k - 28 = -7*t. Suppose -2 = -2*f - t. Let c be ((-5)/(-2))/(f/4). What is a(c)?
3
Let m = -9906 - -9899. Let r(a) = 2*a**2 + 12*a + 16. Determine r(m).
30
Suppose -2*k + 8 = 14. Let m(l) = l**2 + 3*l - 10. Let t(a) = -a**2 - 2*a + 10. Let n(r) = k*m(r) - 2*t(r). What is n(-7)?
-4
Let t(r) be the third derivative of r**5/60 + 3*r**4/8 - 5*r**3/6 + 10084*r**2. Give t(-7).
-19
Let b = -61 - -59. Let k(d) = -137 + 3*d + 422 - 7*d - 144 - 139. Give k(b).
10
Suppose 66*c - 327 - 69 = 0. Let z(h) = 5*h**2 - 6*h**2 - 6 - 11*h + 2*h**3 + c*h**2 + 6*h - h**3. Let p = -14 - -8. Give z(p).
-12
Suppose -40*s - 20 = -44*s + 3*u, u - 36 = -4*s. Let v(f) be the second derivative of -1/6*f**3 - 1/2*f**2 + 0 + s*f. Determine v(-5).
4
Let s be 6/9 + 41/(-82). Let x(b) be the third derivative of -s*b**3 + 0 - 1/24*b**6 + 0*b + 20*b**2 + 1/12*b**4 - 1/30*b**5. What is x(1)?
-6
Let f(i) = i**2 - 4*i - 5. Let n = -131 + 125. Let u be 7/42 - 731/n. Let j = -118 + u. Determine f(j).
-5
Let g(y) = 5*y**2 + 22*y - 62. Let t(h) = -3*h**2 - 21*h + 63. Let q(l) = -2*g(l) - 3*t(l). Let f be q(5). Let m(b) = -5*b + 26. What is m(f)?
1
Let f(a) be the second derivative of a**4/12 - 2*a**3 - 3*a**2/2 - 36*a + 3. Let l(x) = x**2 - 11*x - 5. Let p(s) = -4*f(s) + 5*l(s). Determine p(9).
5
Let k(x) be the second derivative of -3/2*x**3 - 34 + 1/2*x**4 - x + 1/20*x**5 - 4*x**2. Determine k(-7).
6
Let v(j) = 2*j + 19. Let u(o) be the second derivative of o**5/20 - 7*o**4/12 - 3*o**3/2 - 4*o**2 + 83*o. Let m be u(8). What is v(m)?
-13
Let t = -10352 + 10366. Let o(v) = v**3 - 15*v**2 + 15*v - 19. What is o(t)?
-5
Let c(u) be the second derivative of -u**3/3 + 7*u**2/2 + 12*u. Let n(q) = -15*q + 7. Let y be n(1). Determine c(y).
23
Suppose 15*g + 92 - 257 = 0. Let b(w) = -w**3 + 4*w**2 + 7*w - 4. Let c be b(5). Suppose c = g*k - 13*k. Let t(r) = r**3 + 3*r**2 - 4*r + 1. Determine t(k).
13
Let h(l) = -l**2 + 7*l + 46. Let c be h(11). Let g be 1/c*(-68 + 58). Let f(b) = -b - 12. What is f(g)?
-7
Let x(d) be the first derivative of 4*d**3/3 + 11*d**2 + 14*d - 149. Give x(-5).
4
Let i(j) = -232792 + 232798 + 8*j - 10*j**2 + 4*j**2 - 5*j**2. Determine i(-1).
-13
Let l(v) = -v**3 - 3*v**2 + 4*v - 3. Let m be l(-4). Let n(i) be the first derivative of i**2/2 + 7*i + 196. Determine n(m).
4
Suppose -3*l + 2*x = -3*x + 15, -5*l = x + 25. Suppose -10*n + 7 = -3. Let z(o) = -2*o - n + o - 3 + 0. Give z(l).
1
Let k(z) be the first derivative of 1/60*z**5 + 1/2*z**3 + 2 + 13*z**2 + 0*z - 1/8*z**4. Let f(x) be the second derivative of k(x). Calculate f(2).
1
Let g(x) = 8*x**2 + 3*x - 4. Let f be g(3). Suppose -3*b + f + 43 = 0. Suppose -15 = -3*q, 4*l = q + 3*q - b. Let v(j) = -2*j - 3. Calculate v(l).
7
Let a(g) = -67*g + 129. Let b(t) = -8*t + 16. Let y(h) = -4*a(h) + 33*b(h). Let j = 4 + -13. Give y(j).
-24
Let s(c) = -c + 7 + c - 17 + 3*c + 15. Give s(-8).
-19
Let x(g) = g**2 + 342*g + 2334. Let h be x(-7). Let q(p) = p**3 + 7*p**2 - 45*p - 8. Determine q(h).
3
Let p(s) = 4*s - 9*s + 0*s - 8 + 28 + 26. Determine p(11).
-9
Let t(h) be the third derivative of h**4/6 - 30*h**3 - 1907*h**2. Determine t(45).
0
Let v(j) = -17*j**2 - 14*j - 9. Let f(z) = 13*z**2 + 12*z + 7. Let y(o) = -4*f(o) - 3*v(o). Let x be ((-1)/(-1))/((-1)/6). Calculate y(x).
-1
Suppose -d + h + 16 = 0, -5*h = 489*d - 490*d + 24. Let c(l) = -l**2 + 13*l + 4. Calculate c(d).
-10
Let k(a) = 7 + a**2 - a + 8*a - 2*a. Suppose -12*m = 8*m. Suppose -129*c + 135*c + 30 = m. What is k(c)?
7
Suppose -5*q + f = -0*f - 27, 5*f = -10. Let o(h) = 3*h - 3*h - 3*h + 5. Let g be o(q). Let v(y) = y**3 + 9*y**2 - 9*y + 12. Determine v(g).
2
Suppose 3*p + 54 + 24 = 0. Let u(w) = w**3 + 25*w**2 - 23*w + 76. What is u(p)?
-2
Let j(m) = m**2 - 9*m + 11. Let f = 14259 + -14248. Give j(f).
33
Let y(a) be the first derivative of -a**4/4 + 12*a**3 + a**2 - 76*a - 1687. Give y(36).
-4
Let h(f) = -3*f + 5. Suppose -3*k - 17*u = -22*u - 26, 0 = -2*k - 2*u - 4. Suppose 11 = -k*y + x, x = 2*y - 3*x + 8. Calculate h(y).
23
Let u(p) = -182*p - 4. Let w = 1496 + -1495. Determine u(w).
-186
Suppose 4*m - 8 = -0. Let s(j) = -2*j - 10*j + 13*j - j**m + 1. Suppose -8*h + h = 7. What is s(h)?
-1
Let m(r) = 6*r**2 + 9*r + 47. Let u(a) = -3*a**2 - 4*a - 23. Let o(h) = 3*m(h) + 7*u(h). Let f(x) be the first derivative of o(x). Determine f(1).
-7
Let v(y) = 4*y - 1 + 4*y + 3*y - 9*y. Suppose 10*f - 30 = 4*f. Calculate v(f).
9
Let b = -4221 + 4226. Suppose -2*p - p + 4*c = -14, 1 = c. Let n(u) = 4 - 2*u - p + 1. Calculate n(b).
-11
Let s(h) = 4*h**2 - h - 4. Let z(n) = 1 + 1 + n**2 - 5 + 2*n**2 - n. Let a(f) = -36*f - 679. Let u be a(-19). Let c(v) = u*z(v) - 4*s(v). What is c(-2)?
-1
Let u be 78/18 + 364/(-84). Let d(b) = -b**3 - b - 8. What is d(u)?
-8
Let w(h) be the second derivative of h**4/12 - 5*h**3/6 - h**2/2 - h. Suppose -64 = -9*c + c. Suppose a = -c + 14. Determine w(a).
5
Let k = -263 - -166. Let r = 144 + k. Let p(b) = -r - 3*b + 41 + 0*